Last updated on 2020-09-17 02:08:17 CEST.
Flavor | Version | Tinstall | Tcheck | Ttotal | Status | Flags |
---|---|---|---|---|---|---|
r-devel-linux-x86_64-debian-clang | 0.1.0 | 9.73 | 90.71 | 100.44 | OK | |
r-devel-linux-x86_64-debian-gcc | 0.1.0 | 7.36 | 68.65 | 76.01 | OK | |
r-devel-linux-x86_64-fedora-clang | 0.1.0 | 128.67 | NOTE | |||
r-devel-linux-x86_64-fedora-gcc | 0.1.0 | 129.64 | NOTE | |||
r-devel-windows-ix86+x86_64 | 0.1.0 | 20.00 | 120.00 | 140.00 | OK | |
r-patched-linux-x86_64 | 0.1.0 | 8.53 | 88.71 | 97.24 | OK | |
r-patched-solaris-x86 | 0.1.0 | 180.30 | NOTE | |||
r-release-linux-x86_64 | 0.1.0 | 8.96 | 87.50 | 96.46 | OK | |
r-release-macos-x86_64 | 0.1.0 | NOTE | ||||
r-release-windows-ix86+x86_64 | 0.1.0 | 20.00 | 117.00 | 137.00 | OK | |
r-oldrel-macos-x86_64 | 0.1.0 | NOTE | ||||
r-oldrel-windows-ix86+x86_64 | 0.1.0 | 14.00 | 112.00 | 126.00 | OK |
Version: 0.1.0
Check: dependencies in R code
Result: NOTE
Namespace in Imports field not imported from: ‘MASS’
All declared Imports should be used.
Flavors: r-devel-linux-x86_64-fedora-clang, r-devel-linux-x86_64-fedora-gcc, r-patched-solaris-x86, r-release-macos-x86_64, r-oldrel-macos-x86_64