CRAN Package Check Results for Package NEff

Last updated on 2020-09-17 02:08:17 CEST.

Flavor Version Tinstall Tcheck Ttotal Status Flags
r-devel-linux-x86_64-debian-clang 1.1 7.96 65.17 73.13 NOTE
r-devel-linux-x86_64-debian-gcc 1.1 6.14 49.16 55.30 NOTE
r-devel-linux-x86_64-fedora-clang 1.1 96.98 NOTE
r-devel-linux-x86_64-fedora-gcc 1.1 91.94 NOTE
r-devel-windows-ix86+x86_64 1.1 16.00 69.00 85.00 NOTE
r-patched-linux-x86_64 1.1 7.49 62.89 70.38 NOTE
r-patched-solaris-x86 1.1 127.00 NOTE
r-release-linux-x86_64 1.1 8.07 62.58 70.65 NOTE
r-release-macos-x86_64 1.1 NOTE
r-release-windows-ix86+x86_64 1.1 16.00 88.00 104.00 NOTE
r-oldrel-macos-x86_64 1.1 NOTE
r-oldrel-windows-ix86+x86_64 1.1 10.00 87.00 97.00 NOTE

Check Details

Version: 1.1
Check: R code for possible problems
Result: NOTE
    population: no visible global function definition for 'weighted.mean'
    population: no visible global function definition for 'rpois'
    population: no visible global function definition for 'lm'
    population: no visible global function definition for 'coefficients'
    population: no visible global function definition for 'sd'
    population: no visible global function definition for 'par'
    population: no visible global function definition for 'lines'
    Undefined global functions or variables:
     coefficients lines lm par rpois sd weighted.mean
    Consider adding
     importFrom("graphics", "lines", "par")
     importFrom("stats", "coefficients", "lm", "rpois", "sd",
     "weighted.mean")
    to your NAMESPACE file.
Flavors: r-devel-linux-x86_64-debian-clang, r-devel-linux-x86_64-debian-gcc, r-devel-linux-x86_64-fedora-clang, r-devel-linux-x86_64-fedora-gcc, r-devel-windows-ix86+x86_64, r-patched-linux-x86_64, r-patched-solaris-x86, r-release-linux-x86_64, r-release-macos-x86_64, r-release-windows-ix86+x86_64

Version: 1.1
Check: R code for possible problems
Result: NOTE
    population: no visible global function definition for ‘weighted.mean’
    population: no visible global function definition for ‘rpois’
    population: no visible global function definition for ‘lm’
    population: no visible global function definition for ‘coefficients’
    population: no visible global function definition for ‘sd’
    population: no visible global function definition for ‘par’
    population: no visible global function definition for ‘plot’
    population: no visible global function definition for ‘lines’
    Undefined global functions or variables:
     coefficients lines lm par plot rpois sd weighted.mean
    Consider adding
     importFrom("graphics", "lines", "par", "plot")
     importFrom("stats", "coefficients", "lm", "rpois", "sd",
     "weighted.mean")
    to your NAMESPACE file.
Flavors: r-oldrel-macos-x86_64, r-oldrel-windows-ix86+x86_64