Last updated on 2020-09-17 02:08:17 CEST.
Flavor | Version | Tinstall | Tcheck | Ttotal | Status | Flags |
---|---|---|---|---|---|---|
r-devel-linux-x86_64-debian-clang | 0.3.7 | 34.40 | 270.40 | 304.80 | NOTE | |
r-devel-linux-x86_64-debian-gcc | 0.3.7 | 32.11 | 202.71 | 234.82 | NOTE | |
r-devel-linux-x86_64-fedora-clang | 0.3.7 | 409.98 | NOTE | |||
r-devel-linux-x86_64-fedora-gcc | 0.3.7 | 406.75 | NOTE | |||
r-devel-windows-ix86+x86_64 | 0.3.7 | 78.00 | 343.00 | 421.00 | NOTE | |
r-patched-linux-x86_64 | 0.3.7 | 29.14 | 257.99 | 287.13 | NOTE | |
r-patched-solaris-x86 | 0.3.7 | 531.00 | NOTE | |||
r-release-linux-x86_64 | 0.3.7 | 33.50 | 256.33 | 289.83 | NOTE | |
r-release-macos-x86_64 | 0.3.7 | NOTE | ||||
r-release-windows-ix86+x86_64 | 0.3.7 | 73.00 | 348.00 | 421.00 | NOTE | |
r-oldrel-macos-x86_64 | 0.3.7 | NOTE | ||||
r-oldrel-windows-ix86+x86_64 | 0.3.7 | 65.00 | 331.00 | 396.00 | NOTE |
Version: 0.3.7
Check: package dependencies
Result: NOTE
Package suggested but not available for checking: 'fastshp'
Flavors: r-devel-linux-x86_64-debian-clang, r-devel-linux-x86_64-debian-gcc, r-devel-linux-x86_64-fedora-clang, r-devel-linux-x86_64-fedora-gcc, r-devel-windows-ix86+x86_64, r-patched-linux-x86_64, r-patched-solaris-x86, r-release-linux-x86_64, r-release-macos-x86_64, r-release-windows-ix86+x86_64, r-oldrel-macos-x86_64, r-oldrel-windows-ix86+x86_64