CRAN Package Check Results for Package NetworkChange

Last updated on 2020-09-17 02:08:17 CEST.

Flavor Version Tinstall Tcheck Ttotal Status Flags
r-devel-linux-x86_64-debian-clang 0.7 24.13 154.74 178.87 OK --no-vignettes
r-devel-linux-x86_64-debian-gcc 0.7 17.91 116.09 134.00 OK --no-vignettes
r-devel-linux-x86_64-fedora-clang 0.7 1423.64 NOTE
r-devel-linux-x86_64-fedora-gcc 0.7 1495.46 NOTE
r-devel-windows-ix86+x86_64 0.7 51.00 1418.00 1469.00 OK
r-patched-linux-x86_64 0.7 20.40 147.62 168.02 OK --no-vignettes
r-patched-solaris-x86 0.7 1713.80 NOTE
r-release-linux-x86_64 0.7 18.98 148.88 167.86 OK --no-vignettes
r-release-macos-x86_64 0.7 NOTE
r-release-windows-ix86+x86_64 0.7 50.00 1439.00 1489.00 OK
r-oldrel-macos-x86_64 0.7 NOTE
r-oldrel-windows-ix86+x86_64 0.7 42.00 1343.00 1385.00 OK

Check Details

Version: 0.7
Check: dependencies in R code
Result: NOTE
    Namespace in Imports field not imported from: ‘sna’
     All declared Imports should be used.
Flavors: r-devel-linux-x86_64-fedora-clang, r-devel-linux-x86_64-fedora-gcc, r-patched-solaris-x86, r-release-macos-x86_64, r-oldrel-macos-x86_64

Version: 0.7
Check: installed package size
Result: NOTE
     installed size is 5.0Mb
     sub-directories of 1Mb or more:
     doc 4.5Mb
Flavor: r-patched-solaris-x86