Last updated on 2020-09-17 02:08:18 CEST.
Flavor | Version | Tinstall | Tcheck | Ttotal | Status | Flags |
---|---|---|---|---|---|---|
r-devel-linux-x86_64-debian-clang | 0.1.3 | 4.00 | 52.52 | 56.52 | OK | |
r-devel-linux-x86_64-debian-gcc | 0.1.3 | 3.01 | 40.04 | 43.05 | OK | |
r-devel-linux-x86_64-fedora-clang | 0.1.3 | 75.86 | NOTE | |||
r-devel-linux-x86_64-fedora-gcc | 0.1.3 | 66.54 | NOTE | |||
r-devel-windows-ix86+x86_64 | 0.1.3 | 8.00 | 83.00 | 91.00 | OK | |
r-patched-linux-x86_64 | 0.1.3 | 4.06 | 51.73 | 55.79 | OK | |
r-patched-solaris-x86 | 0.1.3 | 97.00 | NOTE | |||
r-release-linux-x86_64 | 0.1.3 | 3.78 | 51.29 | 55.07 | OK | |
r-release-macos-x86_64 | 0.1.3 | NOTE | ||||
r-release-windows-ix86+x86_64 | 0.1.3 | 8.00 | 82.00 | 90.00 | OK | |
r-oldrel-macos-x86_64 | 0.1.3 | NOTE | ||||
r-oldrel-windows-ix86+x86_64 | 0.1.3 | 5.00 | 79.00 | 84.00 | OK |
Version: 0.1.3
Check: dependencies in R code
Result: NOTE
Namespace in Imports field not imported from: ‘base’
All declared Imports should be used.
Flavors: r-devel-linux-x86_64-fedora-clang, r-devel-linux-x86_64-fedora-gcc, r-patched-solaris-x86, r-release-macos-x86_64, r-oldrel-macos-x86_64