Last updated on 2020-09-17 02:08:18 CEST.
Flavor | Version | Tinstall | Tcheck | Ttotal | Status | Flags |
---|---|---|---|---|---|---|
r-devel-linux-x86_64-debian-clang | 0.6-5 | 179.08 | 168.91 | 347.99 | NOTE | |
r-devel-linux-x86_64-debian-gcc | 0.6-5 | 153.12 | 129.08 | 282.20 | NOTE | |
r-devel-linux-x86_64-fedora-clang | 0.6-5 | 456.79 | NOTE | |||
r-devel-linux-x86_64-fedora-gcc | 0.6-5 | 457.53 | NOTE | |||
r-devel-windows-ix86+x86_64 | 0.6-5 | 359.00 | 368.00 | 727.00 | NOTE | |
r-patched-linux-x86_64 | 0.6-5 | 182.50 | 159.43 | 341.93 | NOTE | |
r-patched-solaris-x86 | 0.6-5 | 493.50 | NOTE | |||
r-release-linux-x86_64 | 0.6-5 | 171.21 | 160.53 | 331.74 | NOTE | |
r-release-macos-x86_64 | 0.6-5 | NOTE | ||||
r-release-windows-ix86+x86_64 | 0.6-5 | 353.00 | 365.00 | 718.00 | NOTE | |
r-oldrel-macos-x86_64 | 0.6-5 | NOTE | ||||
r-oldrel-windows-ix86+x86_64 | 0.6-5 | 292.00 | 340.00 | 632.00 | NOTE |
Version: 0.6-5
Check: for GNU extensions in Makefiles
Result: NOTE
GNU make is a SystemRequirements.
Flavors: r-devel-linux-x86_64-debian-clang, r-devel-linux-x86_64-debian-gcc, r-devel-linux-x86_64-fedora-clang, r-devel-linux-x86_64-fedora-gcc, r-devel-windows-ix86+x86_64, r-patched-linux-x86_64, r-patched-solaris-x86, r-release-linux-x86_64, r-release-macos-x86_64, r-release-windows-ix86+x86_64, r-oldrel-macos-x86_64, r-oldrel-windows-ix86+x86_64
Version: 0.6-5
Check: installed package size
Result: NOTE
installed size is 43.2Mb
sub-directories of 1Mb or more:
libs 42.1Mb
Flavors: r-devel-linux-x86_64-fedora-clang, r-devel-windows-ix86+x86_64, r-release-macos-x86_64, r-release-windows-ix86+x86_64, r-oldrel-macos-x86_64, r-oldrel-windows-ix86+x86_64
Version: 0.6-5
Check: dependencies in R code
Result: NOTE
Namespaces in Imports field not imported from:
‘bayesplot’ ‘ggplot2’
All declared Imports should be used.
Flavors: r-devel-linux-x86_64-fedora-clang, r-devel-linux-x86_64-fedora-gcc, r-patched-solaris-x86, r-release-macos-x86_64, r-oldrel-macos-x86_64