CRAN Package Check Results for Package PAFit

Last updated on 2020-09-17 02:08:18 CEST.

Flavor Version Tinstall Tcheck Ttotal Status Flags
r-devel-linux-x86_64-debian-clang 1.0.1.8 44.49 200.27 244.76 OK
r-devel-linux-x86_64-debian-gcc 1.0.1.8 31.16 144.54 175.70 OK
r-devel-linux-x86_64-fedora-clang 1.0.1.8 297.11 OK
r-devel-linux-x86_64-fedora-gcc 1.0.1.8 281.38 OK
r-devel-windows-ix86+x86_64 1.0.1.8 83.00 325.00 408.00 OK
r-patched-linux-x86_64 1.0.1.8 37.76 185.73 223.49 OK
r-patched-solaris-x86 1.0.1.8 374.70 OK
r-release-linux-x86_64 1.0.1.8 37.85 186.12 223.97 OK
r-release-macos-x86_64 1.0.1.8 OK
r-release-windows-ix86+x86_64 1.0.1.8 78.00 325.00 403.00 OK
r-oldrel-macos-x86_64 1.0.1.8 WARN
r-oldrel-windows-ix86+x86_64 1.0.1.8 72.00 319.00 391.00 OK

Check Details

Version: 1.0.1.8
Check: dependencies in R code
Result: NOTE
    No protocol specified
    No protocol specified
Flavor: r-oldrel-macos-x86_64

Version: 1.0.1.8
Check: S3 generic/method consistency
Result: WARN
    No protocol specified
    No protocol specified
    See section ‘Generic functions and methods’ in the ‘Writing R
    Extensions’ manual.
Flavor: r-oldrel-macos-x86_64

Version: 1.0.1.8
Check: replacement functions
Result: WARN
    No protocol specified
    No protocol specified
    The argument of a replacement function which corresponds to the right
    hand side must be named ‘value’.
Flavor: r-oldrel-macos-x86_64

Version: 1.0.1.8
Check: foreign function calls
Result: NOTE
    No protocol specified
    No protocol specified
    See chapter ‘System and foreign language interfaces’ in the ‘Writing R
    Extensions’ manual.
Flavor: r-oldrel-macos-x86_64

Version: 1.0.1.8
Check: R code for possible problems
Result: NOTE
    No protocol specified
    No protocol specified
Flavor: r-oldrel-macos-x86_64

Version: 1.0.1.8
Check: for missing documentation entries
Result: WARN
    No protocol specified
    No protocol specified
    All user-level objects in a package should have documentation entries.
    See chapter ‘Writing R documentation files’ in the ‘Writing R
    Extensions’ manual.
Flavor: r-oldrel-macos-x86_64

Version: 1.0.1.8
Check: for code/documentation mismatches
Result: WARN
    No protocol specified
    No protocol specified
    No protocol specified
    No protocol specified
    No protocol specified
    No protocol specified
Flavor: r-oldrel-macos-x86_64

Version: 1.0.1.8
Check: Rd \usage sections
Result: NOTE
    No protocol specified
    No protocol specified
    The \usage entries for S3 methods should use the \method markup and not
    their full name.
    See chapter ‘Writing R documentation files’ in the ‘Writing R
    Extensions’ manual.
Flavor: r-oldrel-macos-x86_64