Last updated on 2020-09-17 02:08:19 CEST.
Flavor | Version | Tinstall | Tcheck | Ttotal | Status | Flags |
---|---|---|---|---|---|---|
r-devel-linux-x86_64-debian-clang | 0.5-4.1 | 4.56 | 25.03 | 29.59 | OK | |
r-devel-linux-x86_64-debian-gcc | 0.5-4.1 | 3.53 | 19.79 | 23.32 | OK | |
r-devel-linux-x86_64-fedora-clang | 0.5-4.1 | 44.95 | NOTE | |||
r-devel-linux-x86_64-fedora-gcc | 0.5-4.1 | 36.57 | NOTE | |||
r-devel-windows-ix86+x86_64 | 0.5-4.1 | 11.00 | 42.00 | 53.00 | OK | |
r-patched-linux-x86_64 | 0.5-4.1 | 4.52 | 25.02 | 29.54 | OK | |
r-patched-solaris-x86 | 0.5-4.1 | 60.40 | OK | |||
r-release-linux-x86_64 | 0.5-4.1 | 4.28 | 25.17 | 29.45 | OK | |
r-release-macos-x86_64 | 0.5-4.1 | OK | ||||
r-release-windows-ix86+x86_64 | 0.5-4.1 | 11.00 | 41.00 | 52.00 | OK | |
r-oldrel-macos-x86_64 | 0.5-4.1 | OK | ||||
r-oldrel-windows-ix86+x86_64 | 0.5-4.1 | 12.00 | 44.00 | 56.00 | OK |
Version: 0.5-4.1
Check: compiled code
Result: NOTE
File ‘PCICt/libs/PCICt.so’:
Found no call to: ‘R_useDynamicSymbols’
It is good practice to register native routines and to disable symbol
search.
See ‘Writing portable packages’ in the ‘Writing R Extensions’ manual.
Flavors: r-devel-linux-x86_64-fedora-clang, r-devel-linux-x86_64-fedora-gcc