Last updated on 2020-09-17 02:08:19 CEST.
Flavor | Version | Tinstall | Tcheck | Ttotal | Status | Flags |
---|---|---|---|---|---|---|
r-devel-linux-x86_64-debian-clang | 0.1.0 | 8.12 | 67.76 | 75.88 | OK | |
r-devel-linux-x86_64-debian-gcc | 0.1.0 | 7.44 | 52.57 | 60.01 | OK | |
r-devel-linux-x86_64-fedora-clang | 0.1.0 | 105.58 | NOTE | |||
r-devel-linux-x86_64-fedora-gcc | 0.1.0 | 95.69 | NOTE | |||
r-devel-windows-ix86+x86_64 | 0.1.0 | 20.00 | 95.00 | 115.00 | OK | |
r-patched-linux-x86_64 | 0.1.0 | 8.47 | 66.80 | 75.27 | OK | |
r-patched-solaris-x86 | 0.1.0 | 135.00 | NOTE | |||
r-release-linux-x86_64 | 0.1.0 | 8.29 | 66.02 | 74.31 | OK | |
r-release-macos-x86_64 | 0.1.0 | NOTE | ||||
r-release-windows-ix86+x86_64 | 0.1.0 | 21.00 | 95.00 | 116.00 | OK | |
r-oldrel-macos-x86_64 | 0.1.0 | NOTE | ||||
r-oldrel-windows-ix86+x86_64 | 0.1.0 | 17.00 | 92.00 | 109.00 | OK |
Version: 0.1.0
Check: dependencies in R code
Result: NOTE
Namespaces in Imports field not imported from:
‘MASS’ ‘Matrix’ ‘RColorBrewer’ ‘arm’ ‘epiDisplay’ ‘foreign’ ‘gbm’
‘grid’ ‘lattice’ ‘latticeExtra’ ‘lme4’ ‘nnet’ ‘parallel’ ‘splines’
‘survey’ ‘twang’ ‘xtable’
All declared Imports should be used.
Flavors: r-devel-linux-x86_64-fedora-clang, r-devel-linux-x86_64-fedora-gcc, r-patched-solaris-x86, r-release-macos-x86_64, r-oldrel-macos-x86_64