CRAN Package Check Results for Package Qtools

Last updated on 2020-09-17 02:08:21 CEST.

Flavor Version Tinstall Tcheck Ttotal Status Flags
r-devel-linux-x86_64-debian-clang 1.5.2 45.26 164.24 209.50 OK
r-devel-linux-x86_64-debian-gcc 1.5.2 31.74 123.01 154.75 OK
r-devel-linux-x86_64-fedora-clang 1.5.2 268.86 OK
r-devel-linux-x86_64-fedora-gcc 1.5.2 273.88 OK
r-devel-windows-ix86+x86_64 1.5.2 99.00 266.00 365.00 OK
r-patched-linux-x86_64 1.5.2 29.64 159.70 189.34 OK
r-patched-solaris-x86 1.5.2 309.10 WARN
r-release-linux-x86_64 1.5.2 30.90 158.78 189.68 OK
r-release-macos-x86_64 1.5.2 WARN
r-release-windows-ix86+x86_64 1.5.2 100.00 269.00 369.00 OK
r-oldrel-macos-x86_64 1.5.2 WARN
r-oldrel-windows-ix86+x86_64 1.5.2 85.00 253.00 338.00 OK

Check Details

Version: 1.5.2
Check: re-building of vignette outputs
Result: WARN
    Error(s) in re-building vignettes:
     ...
    --- re-building ‘Qtools.Rmd’ using rmarkdown
    Warning in engine$weave(file, quiet = quiet, encoding = enc) :
     Pandoc (>= 1.12.3) and/or pandoc-citeproc not available. Falling back to R Markdown v1.
    Quitting from lines 124-146 (Qtools.Rmd)
    Error: processing vignette 'Qtools.Rmd' failed with diagnostics:
    argument is of length zero
    --- failed re-building ‘Qtools.Rmd’
    
    SUMMARY: processing the following file failed:
     ‘Qtools.Rmd’
    
    Error: Vignette re-building failed.
    Execution halted
Flavors: r-patched-solaris-x86, r-release-macos-x86_64, r-oldrel-macos-x86_64