Last updated on 2020-09-17 02:08:21 CEST.
Flavor | Version | Tinstall | Tcheck | Ttotal | Status | Flags |
---|---|---|---|---|---|---|
r-devel-linux-x86_64-debian-clang | 2.2 | 5.56 | 63.00 | 68.56 | OK | |
r-devel-linux-x86_64-debian-gcc | 2.2 | 4.25 | 46.19 | 50.44 | OK | |
r-devel-linux-x86_64-fedora-clang | 2.2 | 90.61 | OK | |||
r-devel-linux-x86_64-fedora-gcc | 2.2 | 87.76 | OK | |||
r-devel-windows-ix86+x86_64 | 2.2 | 14.00 | 85.00 | 99.00 | OK | |
r-patched-linux-x86_64 | 2.2 | 5.94 | 61.06 | 67.00 | OK | |
r-patched-solaris-x86 | 2.2 | 105.90 | OK | |||
r-release-linux-x86_64 | 2.2 | 5.48 | 60.67 | 66.15 | OK | |
r-release-macos-x86_64 | 2.2 | OK | ||||
r-release-windows-ix86+x86_64 | 2.2 | 13.00 | 85.00 | 98.00 | OK | |
r-oldrel-macos-x86_64 | 2.2 | WARN | ||||
r-oldrel-windows-ix86+x86_64 | 2.2 | 16.00 | 81.00 | 97.00 | OK |
Version: 2.2
Check: whether package can be installed
Result: WARN
Found the following significant warnings:
Warning: 'rgl_init' failed, running with rgl.useNULL = TRUE
Flavor: r-oldrel-macos-x86_64