Last updated on 2020-09-17 02:08:21 CEST.
Flavor | Version | Tinstall | Tcheck | Ttotal | Status | Flags |
---|---|---|---|---|---|---|
r-devel-linux-x86_64-debian-clang | 0.1.0 | 7.79 | 63.04 | 70.83 | OK | |
r-devel-linux-x86_64-debian-gcc | 0.1.0 | 6.57 | 42.31 | 48.88 | OK | |
r-devel-linux-x86_64-fedora-clang | 0.1.0 | 86.06 | NOTE | |||
r-devel-linux-x86_64-fedora-gcc | 0.1.0 | 79.05 | NOTE | |||
r-devel-windows-ix86+x86_64 | 0.1.0 | 17.00 | 94.00 | 111.00 | OK | |
r-patched-linux-x86_64 | 0.1.0 | 7.58 | 53.14 | 60.72 | OK | |
r-patched-solaris-x86 | 0.1.0 | 111.60 | NOTE | |||
r-release-linux-x86_64 | 0.1.0 | 7.92 | 54.53 | 62.45 | OK | |
r-release-macos-x86_64 | 0.1.0 | NOTE | ||||
r-release-windows-ix86+x86_64 | 0.1.0 | 16.00 | 96.00 | 112.00 | OK | |
r-oldrel-macos-x86_64 | 0.1.0 | NOTE | ||||
r-oldrel-windows-ix86+x86_64 | 0.1.0 | 22.00 | 84.00 | 106.00 | OK |
Version: 0.1.0
Check: data for non-ASCII characters
Result: NOTE
Note: found 89912 marked UTF-8 strings
Flavors: r-devel-linux-x86_64-fedora-clang, r-devel-linux-x86_64-fedora-gcc, r-patched-solaris-x86, r-release-macos-x86_64, r-oldrel-macos-x86_64