CRAN Package Check Results for Package RClickhouse

Last updated on 2020-09-17 02:08:21 CEST.

Flavor Version Tinstall Tcheck Ttotal Status Flags
r-devel-linux-x86_64-debian-clang 0.5.2 110.50 56.85 167.35 OK
r-devel-linux-x86_64-debian-gcc 0.5.2 85.00 41.63 126.63 OK
r-devel-linux-x86_64-fedora-clang 0.5.2 264.19 NOTE
r-devel-linux-x86_64-fedora-gcc 0.5.2 217.42 OK
r-devel-windows-ix86+x86_64 0.5.2 266.00 107.00 373.00 OK
r-patched-linux-x86_64 0.5.2 87.35 53.66 141.01 OK
r-patched-solaris-x86 0.5.2 206.30 OK
r-release-linux-x86_64 0.5.2 85.61 53.74 139.35 OK
r-release-macos-x86_64 0.5.2 NOTE
r-release-windows-ix86+x86_64 0.5.2 262.00 134.00 396.00 OK
r-oldrel-macos-x86_64 0.5.2 WARN
r-oldrel-windows-ix86+x86_64 0.5.2 183.00 109.00 292.00 OK

Check Details

Version: 0.5.2
Check: installed package size
Result: NOTE
     installed size is 13.9Mb
     sub-directories of 1Mb or more:
     libs 13.6Mb
Flavors: r-devel-linux-x86_64-fedora-clang, r-release-macos-x86_64, r-oldrel-macos-x86_64

Version: 0.5.2
Check: for executable files
Result: WARN
    Found the following executable file:
     src/vendor/clickhouse-cpp/contrib/lz4/LICENSE
    Source packages should not contain undeclared executable files.
    See section ‘Package structure’ in the ‘Writing R Extensions’ manual.
Flavor: r-oldrel-macos-x86_64