Last updated on 2020-09-17 02:08:22 CEST.
Flavor | Version | Tinstall | Tcheck | Ttotal | Status | Flags |
---|---|---|---|---|---|---|
r-devel-linux-x86_64-debian-clang | 0.3-0 | 5.10 | 54.14 | 59.24 | NOTE | |
r-devel-linux-x86_64-debian-gcc | 0.3-0 | 4.16 | 41.12 | 45.28 | NOTE | |
r-devel-linux-x86_64-fedora-clang | 0.3-0 | 80.22 | NOTE | |||
r-devel-linux-x86_64-fedora-gcc | 0.3-0 | 71.73 | NOTE | |||
r-devel-windows-ix86+x86_64 | 0.3-0 | 13.00 | 54.00 | 67.00 | NOTE | |
r-patched-linux-x86_64 | 0.3-0 | 5.52 | 53.85 | 59.37 | NOTE | |
r-patched-solaris-x86 | 0.3-0 | 94.80 | NOTE | |||
r-release-linux-x86_64 | 0.3-0 | 4.93 | 53.31 | 58.24 | NOTE | |
r-release-macos-x86_64 | 0.3-0 | NOTE | ||||
r-release-windows-ix86+x86_64 | 0.3-0 | 16.00 | 52.00 | 68.00 | NOTE | |
r-oldrel-macos-x86_64 | 0.3-0 | NOTE | ||||
r-oldrel-windows-ix86+x86_64 | 0.3-0 | 9.00 | 54.00 | 63.00 | NOTE |
Version: 0.3-0
Check: R code for possible problems
Result: NOTE
.testLTS: no visible binding for global variable 'stackloss'
Undefined global functions or variables:
stackloss
Consider adding
importFrom("datasets", "stackloss")
to your NAMESPACE file.
Flavors: r-devel-linux-x86_64-debian-clang, r-devel-linux-x86_64-debian-gcc, r-devel-linux-x86_64-fedora-clang, r-devel-linux-x86_64-fedora-gcc, r-devel-windows-ix86+x86_64, r-patched-linux-x86_64, r-patched-solaris-x86, r-release-linux-x86_64, r-release-macos-x86_64, r-release-windows-ix86+x86_64, r-oldrel-macos-x86_64, r-oldrel-windows-ix86+x86_64
Version: 0.3-0
Check: for non-standard things in the check directory
Result: NOTE
Found the following files/directories:
'interactions.dot'
Flavors: r-devel-linux-x86_64-debian-clang, r-devel-linux-x86_64-debian-gcc, r-devel-linux-x86_64-fedora-clang, r-devel-linux-x86_64-fedora-gcc, r-patched-linux-x86_64, r-patched-solaris-x86, r-release-linux-x86_64
Version: 0.3-0
Check: installed package size
Result: NOTE
installed size is 5.9Mb
sub-directories of 1Mb or more:
java 5.3Mb
Flavors: r-devel-linux-x86_64-fedora-clang, r-devel-windows-ix86+x86_64, r-patched-solaris-x86, r-release-macos-x86_64, r-release-windows-ix86+x86_64, r-oldrel-macos-x86_64, r-oldrel-windows-ix86+x86_64