CRAN Package Check Results for Package RGCxGC

Last updated on 2020-09-17 02:08:22 CEST.

Flavor Version Tinstall Tcheck Ttotal Status Flags
r-devel-linux-x86_64-debian-clang 1.1-2 18.16 207.91 226.07 OK
r-devel-linux-x86_64-debian-gcc 1.1-2 14.64 147.40 162.04 OK
r-devel-linux-x86_64-fedora-clang 1.1-2 284.06 NOTE
r-devel-linux-x86_64-fedora-gcc 1.1-2 261.31 OK
r-devel-windows-ix86+x86_64 1.1-2 27.00 255.00 282.00 NOTE
r-patched-linux-x86_64 1.1-2 16.51 198.70 215.21 OK
r-patched-solaris-x86 1.1-2 401.00 NOTE
r-release-linux-x86_64 1.1-2 17.14 197.07 214.21 OK
r-release-macos-x86_64 1.1-2 NOTE
r-release-windows-ix86+x86_64 1.1-2 36.00 264.00 300.00 NOTE
r-oldrel-macos-x86_64 1.1-2 NOTE
r-oldrel-windows-ix86+x86_64 1.1-2 22.00 249.00 271.00 NOTE

Check Details

Version: 1.1-2
Check: installed package size
Result: NOTE
     installed size is 7.2Mb
     sub-directories of 1Mb or more:
     data 1.9Mb
     doc 2.2Mb
     extdata 2.7Mb
Flavors: r-devel-linux-x86_64-fedora-clang, r-devel-windows-ix86+x86_64, r-patched-solaris-x86, r-release-macos-x86_64, r-release-windows-ix86+x86_64, r-oldrel-macos-x86_64, r-oldrel-windows-ix86+x86_64