CRAN Package Check Results for Package RH2

Last updated on 2020-09-17 02:08:22 CEST.

Flavor Version Tinstall Tcheck Ttotal Status Flags
r-devel-linux-x86_64-debian-clang 0.2.4 6.24 41.41 47.65 OK
r-devel-linux-x86_64-debian-gcc 0.2.4 4.90 32.10 37.00 OK
r-devel-linux-x86_64-fedora-clang 0.2.4 67.51 NOTE
r-devel-linux-x86_64-fedora-gcc 0.2.4 57.52 OK
r-devel-windows-ix86+x86_64 0.2.4 14.00 48.00 62.00 OK
r-patched-linux-x86_64 0.2.4 6.28 41.26 47.54 OK
r-patched-solaris-x86 0.2.4 81.70 OK
r-release-linux-x86_64 0.2.4 5.49 41.07 46.56 OK
r-release-macos-x86_64 0.2.4 OK
r-release-windows-ix86+x86_64 0.2.4 12.00 52.00 64.00 OK
r-oldrel-macos-x86_64 0.2.4 OK
r-oldrel-windows-ix86+x86_64 0.2.4 7.00 60.00 67.00 OK

Check Details

Version: 0.2.4
Check: Rd cross-references
Result: NOTE
    Undeclared package ‘DBI’ in Rd xrefs
Flavor: r-devel-linux-x86_64-fedora-clang