CRAN Package Check Results for Package RLumShiny

Last updated on 2020-09-17 02:08:22 CEST.

Flavor Version Tinstall Tcheck Ttotal Status Flags
r-devel-linux-x86_64-debian-clang 0.2.2 10.24 85.97 96.21 OK
r-devel-linux-x86_64-debian-gcc 0.2.2 9.28 63.39 72.67 OK
r-devel-linux-x86_64-fedora-clang 0.2.2 132.99 NOTE
r-devel-linux-x86_64-fedora-gcc 0.2.2 117.95 NOTE
r-devel-windows-ix86+x86_64 0.2.2 25.00 108.00 133.00 OK
r-patched-linux-x86_64 0.2.2 10.25 82.36 92.61 OK
r-patched-solaris-x86 0.2.2 158.60 NOTE
r-release-linux-x86_64 0.2.2 10.07 83.27 93.34 OK
r-release-macos-x86_64 0.2.2 NOTE
r-release-windows-ix86+x86_64 0.2.2 25.00 110.00 135.00 OK
r-oldrel-macos-x86_64 0.2.2 NOTE
r-oldrel-windows-ix86+x86_64 0.2.2 20.00 107.00 127.00 OK

Check Details

Version: 0.2.2
Check: dependencies in R code
Result: NOTE
    Namespaces in Imports field not imported from:
     ‘RCarb’ ‘rmarkdown’ ‘shinyjs’
     All declared Imports should be used.
Flavors: r-devel-linux-x86_64-fedora-clang, r-devel-linux-x86_64-fedora-gcc, r-patched-solaris-x86, r-release-macos-x86_64, r-oldrel-macos-x86_64