Last updated on 2020-09-17 02:08:23 CEST.
Flavor | Version | Tinstall | Tcheck | Ttotal | Status | Flags |
---|---|---|---|---|---|---|
r-devel-linux-x86_64-debian-clang | 0.4-12 | 79.74 | 48.88 | 128.62 | OK | |
r-devel-linux-x86_64-debian-gcc | 0.4-12 | 64.98 | 38.31 | 103.29 | OK | |
r-devel-linux-x86_64-fedora-clang | 0.4-12 | 235.28 | NOTE | |||
r-devel-linux-x86_64-fedora-gcc | 0.4-12 | 170.14 | OK | |||
r-devel-windows-ix86+x86_64 | 0.4-12 | 209.00 | 99.00 | 308.00 | WARN | |
r-patched-linux-x86_64 | 0.4-12 | 68.03 | 49.40 | 117.43 | OK | |
r-patched-solaris-x86 | 0.4-12 | 168.30 | OK | |||
r-release-linux-x86_64 | 0.4-12 | 68.78 | 48.66 | 117.44 | OK | |
r-release-macos-x86_64 | 0.4-12 | NOTE | ||||
r-release-windows-ix86+x86_64 | 0.4-12 | 187.00 | 93.00 | 280.00 | WARN | |
r-oldrel-macos-x86_64 | 0.4-12 | NOTE | ||||
r-oldrel-windows-ix86+x86_64 | 0.4-12 | 142.00 | 106.00 | 248.00 | OK |
Version: 0.4-12
Check: installed package size
Result: NOTE
installed size is 7.8Mb
sub-directories of 1Mb or more:
libs 6.7Mb
Flavors: r-devel-linux-x86_64-fedora-clang, r-release-macos-x86_64, r-oldrel-macos-x86_64
Version: 0.4-12
Check: whether package can be installed
Result: WARN
Found the following significant warnings:
kr_io.cpp:891:9: warning: 'char* strcat(char*, const char*)' accessing 631 or more bytes at offsets 6607 and 7237 may overlap 1 byte at offset 7237 [-Wrestrict]
kr_io.cpp:868:9: warning: 'char* strcat(char*, const char*)' accessing 631 or more bytes at offsets 6607 and 7237 may overlap 1 byte at offset 7237 [-Wrestrict]
kr_io.cpp:891:9: warning: 'char* strcat(char*, const char*)' accessing 631 or more bytes at offsets 6719 and 7349 may overlap 1 byte at offset 7349 [-Wrestrict]
kr_io.cpp:868:9: warning: 'char* strcat(char*, const char*)' accessing 631 or more bytes at offsets 6719 and 7349 may overlap 1 byte at offset 7349 [-Wrestrict]
Flavors: r-devel-windows-ix86+x86_64, r-release-windows-ix86+x86_64