CRAN Package Check Results for Package RSurveillance

Last updated on 2020-09-17 02:08:23 CEST.

Flavor Version Tinstall Tcheck Ttotal Status Flags
r-devel-linux-x86_64-debian-clang 0.2.1 4.26 37.26 41.52 OK
r-devel-linux-x86_64-debian-gcc 0.2.1 3.05 28.32 31.37 OK
r-devel-linux-x86_64-fedora-clang 0.2.1 59.51 NOTE
r-devel-linux-x86_64-fedora-gcc 0.2.1 48.41 NOTE
r-devel-windows-ix86+x86_64 0.2.1 7.00 60.00 67.00 OK
r-patched-linux-x86_64 0.2.1 3.98 36.95 40.93 OK
r-patched-solaris-x86 0.2.1 66.90 NOTE
r-release-linux-x86_64 0.2.1 4.12 36.77 40.89 OK
r-release-macos-x86_64 0.2.1 NOTE
r-release-windows-ix86+x86_64 0.2.1 8.00 64.00 72.00 OK
r-oldrel-macos-x86_64 0.2.1 NOTE
r-oldrel-windows-ix86+x86_64 0.2.1 4.00 58.00 62.00 OK

Check Details

Version: 0.2.1
Check: dependencies in R code
Result: NOTE
    Namespace in Imports field not imported from: ‘mc2d’
     All declared Imports should be used.
Flavors: r-devel-linux-x86_64-fedora-clang, r-devel-linux-x86_64-fedora-gcc, r-patched-solaris-x86, r-release-macos-x86_64, r-oldrel-macos-x86_64