CRAN Package Check Results for Package RaceID

Last updated on 2020-09-17 02:08:21 CEST.

Flavor Version Tinstall Tcheck Ttotal Status Flags
r-devel-linux-x86_64-debian-clang 0.2.1 44.76 572.07 616.83 OK
r-devel-linux-x86_64-debian-gcc 0.2.1 34.14 400.86 435.00 OK
r-devel-linux-x86_64-fedora-clang 0.2.1 738.74 NOTE
r-devel-linux-x86_64-fedora-gcc 0.2.1 728.17 NOTE
r-devel-windows-ix86+x86_64 0.2.1 106.00 890.00 996.00 NOTE
r-patched-linux-x86_64 0.2.1 40.93 566.86 607.79 OK
r-patched-solaris-x86 0.2.1 1129.60 NOTE
r-release-linux-x86_64 0.2.1 44.23 558.19 602.42 OK
r-release-macos-x86_64 0.2.1 NOTE
r-release-windows-ix86+x86_64 0.2.1 97.00 855.00 952.00 NOTE
r-oldrel-macos-x86_64 0.2.1 NOTE
r-oldrel-windows-ix86+x86_64 0.2.1 89.00 853.00 942.00 NOTE

Check Details

Version: 0.2.1
Check: package dependencies
Result: NOTE
    Imports includes 22 non-default packages.
    Importing from so many packages makes the package vulnerable to any of
    them becoming unavailable. Move as many as possible to Suggests and
    use conditionally.
Flavor: r-devel-linux-x86_64-fedora-clang

Version: 0.2.1
Check: installed package size
Result: NOTE
     installed size is 9.8Mb
     sub-directories of 1Mb or more:
     data 2.1Mb
     doc 5.9Mb
     libs 1.2Mb
Flavors: r-devel-linux-x86_64-fedora-clang, r-devel-windows-ix86+x86_64, r-patched-solaris-x86, r-release-macos-x86_64, r-release-windows-ix86+x86_64, r-oldrel-macos-x86_64, r-oldrel-windows-ix86+x86_64

Version: 0.2.1
Check: dependencies in R code
Result: NOTE
    Namespace in Imports field not imported from: ‘NlcOptim’
     All declared Imports should be used.
Flavors: r-devel-linux-x86_64-fedora-clang, r-devel-linux-x86_64-fedora-gcc, r-patched-solaris-x86, r-release-macos-x86_64, r-oldrel-macos-x86_64

Version: 0.2.1
Check: package dependencies
Result: NOTE
    Package suggested but not available for checking: ‘batchelor’
Flavors: r-patched-solaris-x86, r-oldrel-macos-x86_64

Version: 0.2.1
Check: package dependencies
Result: NOTE
    Packages suggested but not available for checking: 'batchelor', 'destiny'
Flavor: r-release-macos-x86_64