Last updated on 2020-09-17 02:08:21 CEST.
Flavor | Version | Tinstall | Tcheck | Ttotal | Status | Flags |
---|---|---|---|---|---|---|
r-devel-linux-x86_64-debian-clang | 1.1.5 | 21.42 | 113.73 | 135.15 | OK | |
r-devel-linux-x86_64-debian-gcc | 1.1.5 | 16.58 | 86.18 | 102.76 | OK | |
r-devel-linux-x86_64-fedora-clang | 1.1.5 | 174.76 | NOTE | |||
r-devel-linux-x86_64-fedora-gcc | 1.1.5 | 166.73 | OK | |||
r-devel-windows-ix86+x86_64 | 1.1.5 | 30.00 | 147.00 | 177.00 | NOTE | |
r-patched-linux-x86_64 | 1.1.5 | 20.43 | 114.47 | 134.90 | OK | |
r-patched-solaris-x86 | 1.1.5 | 225.50 | NOTE | |||
r-release-linux-x86_64 | 1.1.5 | 21.39 | 113.00 | 134.39 | OK | |
r-release-macos-x86_64 | 1.1.5 | NOTE | ||||
r-release-windows-ix86+x86_64 | 1.1.5 | 28.00 | 146.00 | 174.00 | NOTE | |
r-oldrel-macos-x86_64 | 1.1.5 | WARN | ||||
r-oldrel-windows-ix86+x86_64 | 1.1.5 | 34.00 | 142.00 | 176.00 | NOTE |
Version: 1.1.5
Check: installed package size
Result: NOTE
installed size is 5.3Mb
sub-directories of 1Mb or more:
data 2.3Mb
extdata 1.4Mb
Flavors: r-devel-linux-x86_64-fedora-clang, r-devel-windows-ix86+x86_64, r-patched-solaris-x86, r-release-macos-x86_64, r-release-windows-ix86+x86_64, r-oldrel-macos-x86_64, r-oldrel-windows-ix86+x86_64
Version: 1.1.5
Check: whether package can be installed
Result: WARN
Found the following significant warnings:
Warning: 'rgl_init' failed, running with rgl.useNULL = TRUE
Flavor: r-oldrel-macos-x86_64