Last updated on 2020-09-17 02:08:21 CEST.
Flavor | Version | Tinstall | Tcheck | Ttotal | Status | Flags |
---|---|---|---|---|---|---|
r-devel-linux-x86_64-debian-clang | 1.0-18 | 22.06 | 133.62 | 155.68 | NOTE | |
r-devel-linux-x86_64-debian-gcc | 1.0-18 | 16.12 | 100.46 | 116.58 | NOTE | |
r-devel-linux-x86_64-fedora-clang | 1.0-18 | 202.17 | NOTE | |||
r-devel-linux-x86_64-fedora-gcc | 1.0-18 | 194.34 | NOTE | |||
r-devel-windows-ix86+x86_64 | 1.0-18 | 43.00 | 164.00 | 207.00 | NOTE | |
r-patched-linux-x86_64 | 1.0-18 | 18.20 | 129.74 | 147.94 | NOTE | |
r-patched-solaris-x86 | 1.0-18 | 301.90 | NOTE | |||
r-release-linux-x86_64 | 1.0-18 | 21.06 | 129.79 | 150.85 | NOTE | |
r-release-macos-x86_64 | 1.0-18 | NOTE | ||||
r-release-windows-ix86+x86_64 | 1.0-18 | 43.00 | 164.00 | 207.00 | NOTE | |
r-oldrel-macos-x86_64 | 1.0-18 | NOTE | ||||
r-oldrel-windows-ix86+x86_64 | 1.0-18 | 40.00 | 151.00 | 191.00 | NOTE |
Version: 1.0-18
Check: R code for possible problems
Result: NOTE
fncLRpROC: no visible global function definition for 'palette'
fncLRpROC : onOK : convert: no visible global function definition for
'col2rgb'
fncLRpROC : onOK : convert: no visible global function definition for
'rgb'
fncPairedpROC: no visible global function definition for 'palette'
fncPairedpROC : onOK : convert: no visible global function definition
for 'col2rgb'
fncPairedpROC : onOK : convert: no visible global function definition
for 'rgb'
fncUnpairedpROC: no visible global function definition for 'palette'
fncUnpairedpROC : onOK : convert: no visible global function definition
for 'col2rgb'
fncUnpairedpROC : onOK : convert: no visible global function definition
for 'rgb'
fncvpROC: no visible global function definition for 'palette'
fncvpROC : onOK : convert: no visible global function definition for
'col2rgb'
fncvpROC : onOK : convert: no visible global function definition for
'rgb'
Undefined global functions or variables:
col2rgb palette rgb
Consider adding
importFrom("grDevices", "col2rgb", "palette", "rgb")
to your NAMESPACE file.
Flavors: r-devel-linux-x86_64-debian-clang, r-devel-linux-x86_64-debian-gcc, r-devel-linux-x86_64-fedora-clang, r-devel-linux-x86_64-fedora-gcc, r-devel-windows-ix86+x86_64, r-patched-linux-x86_64, r-patched-solaris-x86, r-release-linux-x86_64, r-release-macos-x86_64, r-release-windows-ix86+x86_64, r-oldrel-macos-x86_64, r-oldrel-windows-ix86+x86_64