Last updated on 2020-09-17 02:08:21 CEST.
Flavor | Version | Tinstall | Tcheck | Ttotal | Status | Flags |
---|---|---|---|---|---|---|
r-devel-linux-x86_64-debian-clang | 0.7.10 | 27.99 | 157.58 | 185.57 | NOTE | |
r-devel-linux-x86_64-debian-gcc | 0.7.10 | 21.11 | 118.18 | 139.29 | NOTE | |
r-devel-linux-x86_64-fedora-clang | 0.7.10 | 246.42 | NOTE | |||
r-devel-linux-x86_64-fedora-gcc | 0.7.10 | 238.82 | NOTE | |||
r-devel-windows-ix86+x86_64 | 0.7.10 | 49.00 | 211.00 | 260.00 | NOTE | |
r-patched-linux-x86_64 | 0.7.10 | 23.87 | 154.04 | 177.91 | NOTE | |
r-patched-solaris-x86 | 0.7.10 | 338.80 | NOTE | |||
r-release-linux-x86_64 | 0.7.10 | 26.82 | 153.06 | 179.88 | NOTE | |
r-release-macos-x86_64 | 0.7.10 | NOTE | ||||
r-release-windows-ix86+x86_64 | 0.7.10 | 50.00 | 176.00 | 226.00 | NOTE | |
r-oldrel-macos-x86_64 | 0.7.10 | NOTE | ||||
r-oldrel-windows-ix86+x86_64 | 0.7.10 | 43.00 | 162.00 | 205.00 | NOTE |
Version: 0.7.10
Check: package dependencies
Result: NOTE
Package suggested but not available for checking: 'ROpenOffice'
Flavors: r-devel-linux-x86_64-debian-clang, r-devel-linux-x86_64-debian-gcc, r-devel-linux-x86_64-fedora-clang, r-devel-linux-x86_64-fedora-gcc, r-devel-windows-ix86+x86_64, r-patched-linux-x86_64, r-patched-solaris-x86, r-release-linux-x86_64, r-release-macos-x86_64, r-release-windows-ix86+x86_64, r-oldrel-macos-x86_64, r-oldrel-windows-ix86+x86_64