Last updated on 2020-09-17 02:08:22 CEST.
Flavor | Version | Tinstall | Tcheck | Ttotal | Status | Flags |
---|---|---|---|---|---|---|
r-devel-linux-x86_64-debian-clang | 0.1.2 | 19.11 | 157.12 | 176.23 | OK | |
r-devel-linux-x86_64-debian-gcc | 0.1.2 | 15.75 | 117.33 | 133.08 | OK | |
r-devel-linux-x86_64-fedora-clang | 0.1.2 | 218.67 | OK | |||
r-devel-linux-x86_64-fedora-gcc | 0.1.2 | 221.06 | OK | |||
r-devel-windows-ix86+x86_64 | 0.1.2 | 46.00 | 207.00 | 253.00 | OK | |
r-patched-linux-x86_64 | 0.1.2 | 0.26 | 2.38 | 2.64 | ERROR | |
r-patched-solaris-x86 | 0.1.2 | 311.90 | OK | |||
r-release-linux-x86_64 | 0.1.2 | 15.66 | 149.42 | 165.08 | OK | |
r-release-macos-x86_64 | 0.1.2 | OK | ||||
r-release-windows-ix86+x86_64 | 0.1.2 | 46.00 | 202.00 | 248.00 | OK | |
r-oldrel-macos-x86_64 | 0.1.2 | OK | ||||
r-oldrel-windows-ix86+x86_64 | 0.1.2 | 37.00 | 194.00 | 231.00 | OK |
Version: 0.1.2
Check: package dependencies
Result: ERROR
Package required but not available: ‘blavaan’
See section ‘The DESCRIPTION file’ in the ‘Writing R Extensions’
manual.
Flavor: r-patched-linux-x86_64