CRAN Package Check Results for Package RiemStiefel

Last updated on 2020-09-17 02:08:22 CEST.

Flavor Version Tinstall Tcheck Ttotal Status Flags
r-devel-linux-x86_64-debian-clang 0.1.1 31.36 56.05 87.41 OK
r-devel-linux-x86_64-debian-gcc 0.1.1 23.29 42.78 66.07 OK
r-devel-linux-x86_64-fedora-clang 0.1.1 121.89 NOTE
r-devel-linux-x86_64-fedora-gcc 0.1.1 110.65 NOTE
r-devel-windows-ix86+x86_64 0.1.1 80.00 104.00 184.00 OK
r-patched-linux-x86_64 0.1.1 27.02 54.61 81.63 OK
r-patched-solaris-x86 0.1.1 132.30 NOTE
r-release-linux-x86_64 0.1.1 27.25 54.97 82.22 OK
r-release-macos-x86_64 0.1.1 NOTE
r-release-windows-ix86+x86_64 0.1.1 78.00 92.00 170.00 OK
r-oldrel-macos-x86_64 0.1.1 NOTE
r-oldrel-windows-ix86+x86_64 0.1.1 45.00 121.00 166.00 OK

Check Details

Version: 0.1.1
Check: dependencies in R code
Result: NOTE
    Namespace in Imports field not imported from: ‘Rdpack’
     All declared Imports should be used.
Flavors: r-devel-linux-x86_64-fedora-clang, r-devel-linux-x86_64-fedora-gcc, r-patched-solaris-x86, r-release-macos-x86_64, r-oldrel-macos-x86_64

Version: 0.1.1
Check: Rd cross-references
Result: NOTE
    Undeclared package ‘fastcluster’ in Rd xrefs
Flavor: r-devel-linux-x86_64-fedora-clang