CRAN Package Check Results for Package RoundAndRound

Last updated on 2020-09-17 02:08:23 CEST.

Flavor Version Tinstall Tcheck Ttotal Status Flags
r-devel-linux-x86_64-debian-clang 0.0.1 2.25 23.28 25.53 OK
r-devel-linux-x86_64-debian-gcc 0.0.1 1.93 18.24 20.17 OK
r-devel-linux-x86_64-fedora-clang 0.0.1 40.06 NOTE
r-devel-linux-x86_64-fedora-gcc 0.0.1 30.54 NOTE
r-devel-windows-ix86+x86_64 0.0.1 12.00 50.00 62.00 OK
r-patched-linux-x86_64 0.0.1 2.44 22.60 25.04 OK
r-patched-solaris-x86 0.0.1 48.00 NOTE
r-release-linux-x86_64 0.0.1 2.52 22.73 25.25 OK
r-release-macos-x86_64 0.0.1 NOTE
r-release-windows-ix86+x86_64 0.0.1 6.00 39.00 45.00 OK
r-oldrel-macos-x86_64 0.0.1 NOTE
r-oldrel-windows-ix86+x86_64 0.0.1 11.00 39.00 50.00 OK

Check Details

Version: 0.0.1
Check: dependencies in R code
Result: NOTE
    Namespace in Imports field not imported from: ‘geometry’
     All declared Imports should be used.
Flavors: r-devel-linux-x86_64-fedora-clang, r-devel-linux-x86_64-fedora-gcc, r-patched-solaris-x86, r-release-macos-x86_64, r-oldrel-macos-x86_64