CRAN Package Check Results for Package SACOBRA

Last updated on 2020-09-17 02:08:24 CEST.

Flavor Version Tinstall Tcheck Ttotal Status Flags
r-devel-linux-x86_64-debian-clang 1.2 11.70 81.76 93.46 OK
r-devel-linux-x86_64-debian-gcc 1.2 7.65 60.40 68.05 OK
r-devel-linux-x86_64-fedora-clang 1.2 119.05 NOTE
r-devel-linux-x86_64-fedora-gcc 1.2 113.57 NOTE
r-devel-windows-ix86+x86_64 1.2 18.00 104.00 122.00 OK
r-patched-linux-x86_64 1.2 10.88 78.90 89.78 OK
r-patched-solaris-x86 1.2 123.70 NOTE
r-release-linux-x86_64 1.2 9.41 79.92 89.33 OK
r-release-macos-x86_64 1.2 NOTE
r-release-windows-ix86+x86_64 1.2 18.00 99.00 117.00 OK
r-oldrel-macos-x86_64 1.2 NOTE
r-oldrel-windows-ix86+x86_64 1.2 11.00 104.00 115.00 OK

Check Details

Version: 1.2
Check: dependencies in R code
Result: NOTE
    Namespaces in Imports field not imported from:
     ‘R6’ ‘mgcv’
     All declared Imports should be used.
Flavors: r-devel-linux-x86_64-fedora-clang, r-devel-linux-x86_64-fedora-gcc, r-patched-solaris-x86, r-release-macos-x86_64, r-oldrel-macos-x86_64