CRAN Package Check Results for Package SDMPlay

Last updated on 2020-09-17 02:08:24 CEST.

Flavor Version Tinstall Tcheck Ttotal Status Flags
r-devel-linux-x86_64-debian-clang 1.3 4.24 91.40 95.64 OK
r-devel-linux-x86_64-debian-gcc 1.3 3.39 67.90 71.29 OK
r-devel-linux-x86_64-fedora-clang 1.3 123.58 NOTE
r-devel-linux-x86_64-fedora-gcc 1.3 117.08 NOTE
r-devel-windows-ix86+x86_64 1.3 9.00 129.00 138.00 OK
r-patched-linux-x86_64 1.3 3.81 94.35 98.16 OK
r-patched-solaris-x86 1.3 172.70 NOTE
r-release-linux-x86_64 1.3 4.12 89.18 93.30 OK
r-release-macos-x86_64 1.3 NOTE
r-release-windows-ix86+x86_64 1.3 9.00 129.00 138.00 OK
r-oldrel-macos-x86_64 1.3 NOTE
r-oldrel-windows-ix86+x86_64 1.3 6.00 126.00 132.00 OK

Check Details

Version: 1.3
Check: dependencies in R code
Result: NOTE
    Namespace in Imports field not imported from: ‘gbm’
     All declared Imports should be used.
Flavors: r-devel-linux-x86_64-fedora-clang, r-devel-linux-x86_64-fedora-gcc, r-patched-solaris-x86, r-release-macos-x86_64, r-oldrel-macos-x86_64

Version: 1.3
Check: Rd cross-references
Result: NOTE
    Undeclared package ‘rJava’ in Rd xrefs
Flavor: r-devel-linux-x86_64-fedora-clang

Version: 1.3
Check: installed package size
Result: NOTE
     installed size is 5.1Mb
     sub-directories of 1Mb or more:
     data 1.5Mb
     vignette_data 2.1Mb
Flavor: r-patched-solaris-x86