Last updated on 2020-09-17 02:08:24 CEST.
Flavor | Version | Tinstall | Tcheck | Ttotal | Status | Flags |
---|---|---|---|---|---|---|
r-devel-linux-x86_64-debian-clang | 0.1-3 | 2.50 | 29.77 | 32.27 | NOTE | |
r-devel-linux-x86_64-debian-gcc | 0.1-3 | 1.95 | 23.36 | 25.31 | NOTE | |
r-devel-linux-x86_64-fedora-clang | 0.1-3 | 48.22 | NOTE | |||
r-devel-linux-x86_64-fedora-gcc | 0.1-3 | 39.09 | NOTE | |||
r-devel-windows-ix86+x86_64 | 0.1-3 | 5.00 | 60.00 | 65.00 | NOTE | |
r-patched-linux-x86_64 | 0.1-3 | 2.49 | 28.90 | 31.39 | NOTE | |
r-patched-solaris-x86 | 0.1-3 | 58.90 | NOTE | |||
r-release-linux-x86_64 | 0.1-3 | 2.17 | 29.26 | 31.43 | NOTE | |
r-release-macos-x86_64 | 0.1-3 | NOTE | ||||
r-release-windows-ix86+x86_64 | 0.1-3 | 5.00 | 49.00 | 54.00 | NOTE | |
r-oldrel-macos-x86_64 | 0.1-3 | NOTE | ||||
r-oldrel-windows-ix86+x86_64 | 0.1-3 | 3.00 | 49.00 | 52.00 | NOTE |
Version: 0.1-3
Check: R code for possible problems
Result: NOTE
lahiri.design: no visible global function definition for 'runif'
Undefined global functions or variables:
runif
Consider adding
importFrom("stats", "runif")
to your NAMESPACE file.
Flavors: r-devel-linux-x86_64-debian-clang, r-devel-linux-x86_64-debian-gcc, r-devel-linux-x86_64-fedora-clang, r-devel-linux-x86_64-fedora-gcc, r-devel-windows-ix86+x86_64, r-patched-linux-x86_64, r-patched-solaris-x86, r-release-linux-x86_64, r-release-macos-x86_64, r-release-windows-ix86+x86_64, r-oldrel-macos-x86_64, r-oldrel-windows-ix86+x86_64