CRAN Package Check Results for Package SSN

Last updated on 2020-09-17 02:08:26 CEST.

Flavor Version Tinstall Tcheck Ttotal Status Flags
r-devel-linux-x86_64-debian-clang 1.1.15 23.50 189.04 212.54 OK
r-devel-linux-x86_64-debian-gcc 1.1.15 17.18 145.84 163.02 OK
r-devel-linux-x86_64-fedora-clang 1.1.15 274.48 OK
r-devel-linux-x86_64-fedora-gcc 1.1.15 264.45 OK
r-devel-windows-ix86+x86_64 1.1.15 58.00 403.00 461.00 OK
r-patched-linux-x86_64 1.1.15 19.95 183.52 203.47 OK
r-patched-solaris-x86 1.1.15 389.30 NOTE
r-release-linux-x86_64 1.1.15 21.43 183.97 205.40 OK
r-release-macos-x86_64 1.1.15 OK
r-release-windows-ix86+x86_64 1.1.15 58.00 337.00 395.00 OK
r-oldrel-macos-x86_64 1.1.15 OK
r-oldrel-windows-ix86+x86_64 1.1.15 46.00 412.00 458.00 OK

Check Details

Version: 1.1.15
Check: installed package size
Result: NOTE
     installed size is 5.4Mb
     sub-directories of 1Mb or more:
     lsndata 2.9Mb
Flavor: r-patched-solaris-x86