CRAN Package Check Results for Package STAT2

Last updated on 2020-09-17 02:08:26 CEST.

Flavor Version Tinstall Tcheck Ttotal Status Flags
r-devel-linux-x86_64-debian-clang 0.1.0 2.25 18.03 20.28 OK
r-devel-linux-x86_64-debian-gcc 0.1.0 1.83 14.32 16.15 OK
r-devel-linux-x86_64-fedora-clang 0.1.0 35.44 NOTE
r-devel-linux-x86_64-fedora-gcc 0.1.0 24.29 NOTE
r-devel-windows-ix86+x86_64 0.1.0 6.00 38.00 44.00 OK
r-patched-linux-x86_64 0.1.0 1.99 17.79 19.78 OK
r-patched-solaris-x86 0.1.0 38.10 NOTE
r-release-linux-x86_64 0.1.0 2.03 17.86 19.89 OK
r-release-macos-x86_64 0.1.0 NOTE
r-release-windows-ix86+x86_64 0.1.0 7.00 34.00 41.00 OK
r-oldrel-macos-x86_64 0.1.0 ERROR

Check Details

Version: 0.1.0
Check: dependencies in R code
Result: NOTE
    Namespaces in Imports field not imported from:
     ‘Hmisc’ ‘corrgram’ ‘datasets’ ‘dplyr’ ‘psych’ ‘psycho’ ‘rpivotTable’
     ‘shiny’
     All declared Imports should be used.
Flavors: r-devel-linux-x86_64-fedora-clang, r-devel-linux-x86_64-fedora-gcc, r-patched-solaris-x86, r-release-macos-x86_64

Version: 0.1.0
Check: whether package can be installed
Result: ERROR
    Installation failed.
Flavor: r-oldrel-macos-x86_64