CRAN Package Check Results for Package SimSurvey

Last updated on 2020-09-17 02:08:25 CEST.

Flavor Version Tinstall Tcheck Ttotal Status Flags
r-devel-linux-x86_64-debian-clang 0.1.2 15.01 148.11 163.12 NOTE
r-devel-linux-x86_64-debian-gcc 0.1.2 11.94 110.05 121.99 NOTE
r-devel-linux-x86_64-fedora-clang 0.1.2 203.88 NOTE
r-devel-linux-x86_64-fedora-gcc 0.1.2 189.41 NOTE
r-devel-windows-ix86+x86_64 0.1.2 33.00 204.00 237.00 OK
r-patched-linux-x86_64 0.1.2 14.43 140.18 154.61 NOTE
r-patched-solaris-x86 0.1.2 251.10 NOTE
r-release-linux-x86_64 0.1.2 16.59 141.08 157.67 NOTE
r-release-macos-x86_64 0.1.2 NOTE
r-release-windows-ix86+x86_64 0.1.2 33.00 177.00 210.00 OK
r-oldrel-macos-x86_64 0.1.2 NOTE
r-oldrel-windows-ix86+x86_64 0.1.2 25.00 149.00 174.00 NOTE

Check Details

Version: 0.1.2
Check: package dependencies
Result: NOTE
    Package suggested but not available for checking: 'INLA'
Flavors: r-devel-linux-x86_64-debian-clang, r-devel-linux-x86_64-debian-gcc, r-patched-linux-x86_64, r-patched-solaris-x86, r-release-linux-x86_64, r-release-macos-x86_64, r-oldrel-macos-x86_64

Version: 0.1.2
Check: dependencies in R code
Result: NOTE
    Namespaces in Imports field not imported from:
     ‘igraph’ ‘rgeos’ ‘sp’
     All declared Imports should be used.
Flavors: r-devel-linux-x86_64-fedora-clang, r-devel-linux-x86_64-fedora-gcc, r-patched-solaris-x86, r-release-macos-x86_64, r-oldrel-macos-x86_64

Version: 0.1.2
Check: dependencies in R code
Result: NOTE
    Missing or unexported objects:
     'INLA::inla.barrier.pcmatern' 'INLA::inla.rgeneric.q'
Flavor: r-oldrel-windows-ix86+x86_64