Last updated on 2020-09-17 02:08:25 CEST.
Flavor | Version | Tinstall | Tcheck | Ttotal | Status | Flags |
---|---|---|---|---|---|---|
r-devel-linux-x86_64-debian-clang | 0.1.0 | 11.96 | 40.12 | 52.08 | OK | |
r-devel-linux-x86_64-debian-gcc | 0.1.0 | 11.29 | 31.34 | 42.63 | OK | |
r-devel-linux-x86_64-fedora-clang | 0.1.0 | 77.70 | NOTE | |||
r-devel-linux-x86_64-fedora-gcc | 0.1.0 | 63.75 | NOTE | |||
r-devel-windows-ix86+x86_64 | 0.1.0 | 21.00 | 61.00 | 82.00 | NOTE | |
r-patched-linux-x86_64 | 0.1.0 | 12.76 | 38.87 | 51.63 | OK | |
r-patched-solaris-x86 | 0.1.0 | 99.60 | NOTE | |||
r-release-linux-x86_64 | 0.1.0 | 13.13 | 38.79 | 51.92 | OK | |
r-release-macos-x86_64 | 0.1.0 | NOTE | ||||
r-release-windows-ix86+x86_64 | 0.1.0 | 21.00 | 50.00 | 71.00 | NOTE | |
r-oldrel-macos-x86_64 | 0.1.0 | NOTE | ||||
r-oldrel-windows-ix86+x86_64 | 0.1.0 | 18.00 | 62.00 | 80.00 | NOTE |
Version: 0.1.0
Check: installed package size
Result: NOTE
installed size is 11.8Mb
sub-directories of 1Mb or more:
data 11.7Mb
Flavors: r-devel-linux-x86_64-fedora-clang, r-devel-windows-ix86+x86_64, r-patched-solaris-x86, r-release-macos-x86_64, r-release-windows-ix86+x86_64, r-oldrel-macos-x86_64, r-oldrel-windows-ix86+x86_64
Version: 0.1.0
Check: dependencies in R code
Result: NOTE
Namespaces in Imports field not imported from:
‘caret’ ‘nnet’
All declared Imports should be used.
Flavors: r-devel-linux-x86_64-fedora-clang, r-devel-linux-x86_64-fedora-gcc, r-patched-solaris-x86, r-release-macos-x86_64, r-oldrel-macos-x86_64