Last updated on 2020-09-17 02:08:26 CEST.
Flavor | Version | Tinstall | Tcheck | Ttotal | Status | Flags |
---|---|---|---|---|---|---|
r-devel-linux-x86_64-debian-clang | 0.1.0 | 13.04 | 69.80 | 82.84 | NOTE | |
r-devel-linux-x86_64-debian-gcc | 0.1.0 | 10.94 | 54.45 | 65.39 | NOTE | |
r-devel-linux-x86_64-fedora-clang | 0.1.0 | 119.72 | NOTE | |||
r-devel-linux-x86_64-fedora-gcc | 0.1.0 | 105.17 | NOTE | |||
r-devel-windows-ix86+x86_64 | 0.1.0 | 30.00 | 96.00 | 126.00 | NOTE | |
r-patched-linux-x86_64 | 0.1.0 | 13.72 | 68.38 | 82.10 | NOTE | |
r-patched-solaris-x86 | 0.1.0 | 168.50 | NOTE | |||
r-release-linux-x86_64 | 0.1.0 | 13.21 | 67.77 | 80.98 | NOTE | |
r-release-macos-x86_64 | 0.1.0 | NOTE | ||||
r-release-windows-ix86+x86_64 | 0.1.0 | 28.00 | 99.00 | 127.00 | NOTE | |
r-oldrel-macos-x86_64 | 0.1.0 | NOTE | ||||
r-oldrel-windows-ix86+x86_64 | 0.1.0 | 35.00 | 95.00 | 130.00 | OK |
Version: 0.1.0
Check: package vignettes
Result: NOTE
Package vignette with placeholder title 'Vignette Title':
'Starting.Rmd'
Flavors: r-devel-linux-x86_64-debian-clang, r-devel-linux-x86_64-debian-gcc, r-devel-windows-ix86+x86_64, r-patched-linux-x86_64, r-release-linux-x86_64, r-release-windows-ix86+x86_64
Version: 0.1.0
Check: dependencies in R code
Result: NOTE
Namespace in Imports field not imported from: ‘lubridate’
All declared Imports should be used.
Flavors: r-devel-linux-x86_64-fedora-clang, r-devel-linux-x86_64-fedora-gcc, r-patched-solaris-x86, r-release-macos-x86_64, r-oldrel-macos-x86_64