Last updated on 2020-09-17 02:08:26 CEST.
Flavor | Version | Tinstall | Tcheck | Ttotal | Status | Flags |
---|---|---|---|---|---|---|
r-devel-linux-x86_64-debian-clang | 0.3.0 | 10.63 | 76.53 | 87.16 | OK | |
r-devel-linux-x86_64-debian-gcc | 0.3.0 | 8.76 | 56.99 | 65.75 | OK | |
r-devel-linux-x86_64-fedora-clang | 0.3.0 | 122.49 | NOTE | |||
r-devel-linux-x86_64-fedora-gcc | 0.3.0 | 108.64 | NOTE | |||
r-devel-windows-ix86+x86_64 | 0.3.0 | 23.00 | 102.00 | 125.00 | OK | |
r-patched-linux-x86_64 | 0.3.0 | 11.41 | 73.92 | 85.33 | OK | |
r-patched-solaris-x86 | 0.3.0 | 157.00 | NOTE | |||
r-release-linux-x86_64 | 0.3.0 | 11.65 | 75.21 | 86.86 | OK | |
r-release-macos-x86_64 | 0.3.0 | NOTE | ||||
r-release-windows-ix86+x86_64 | 0.3.0 | 25.00 | 99.00 | 124.00 | OK | |
r-oldrel-macos-x86_64 | 0.3.0 | NOTE | ||||
r-oldrel-windows-ix86+x86_64 | 0.3.0 | 15.00 | 101.00 | 116.00 | OK |
Version: 0.3.0
Check: dependencies in R code
Result: NOTE
Namespaces in Imports field not imported from:
‘R.matlab’ ‘fBasics’ ‘spls’
All declared Imports should be used.
Flavors: r-devel-linux-x86_64-fedora-clang, r-devel-linux-x86_64-fedora-gcc, r-patched-solaris-x86, r-release-macos-x86_64, r-oldrel-macos-x86_64