CRAN Package Check Results for Package TCA

Last updated on 2020-09-17 02:08:27 CEST.

Flavor Version Tinstall Tcheck Ttotal Status Flags
r-devel-linux-x86_64-debian-clang 1.1.0 9.60 88.98 98.58 OK
r-devel-linux-x86_64-debian-gcc 1.1.0 7.87 64.97 72.84 OK
r-devel-linux-x86_64-fedora-clang 1.1.0 129.32 NOTE
r-devel-linux-x86_64-fedora-gcc 1.1.0 117.11 NOTE
r-devel-windows-ix86+x86_64 1.1.0 22.00 110.00 132.00 OK
r-patched-linux-x86_64 1.1.0 9.57 84.30 93.87 OK
r-patched-solaris-x86 1.1.0 164.30 NOTE
r-release-linux-x86_64 1.1.0 9.34 85.76 95.10 OK
r-release-macos-x86_64 1.1.0 NOTE
r-release-windows-ix86+x86_64 1.1.0 21.00 112.00 133.00 OK
r-oldrel-macos-x86_64 1.1.0 NOTE
r-oldrel-windows-ix86+x86_64 1.1.0 13.00 109.00 122.00 OK

Check Details

Version: 1.1.0
Check: dependencies in R code
Result: NOTE
    Namespaces in Imports field not imported from:
     ‘Matrix’ ‘glmnet’ ‘quadprog’
     All declared Imports should be used.
Flavors: r-devel-linux-x86_64-fedora-clang, r-devel-linux-x86_64-fedora-gcc, r-patched-solaris-x86, r-release-macos-x86_64, r-oldrel-macos-x86_64