CRAN Package Check Results for Package YieldCurve

Last updated on 2020-09-17 02:08:29 CEST.

Flavor Version Tinstall Tcheck Ttotal Status Flags
r-devel-linux-x86_64-debian-clang 4.1 2.23 34.26 36.49 NOTE
r-devel-linux-x86_64-debian-gcc 4.1 2.07 26.70 28.77 NOTE
r-devel-linux-x86_64-fedora-clang 4.1 53.13 NOTE
r-devel-linux-x86_64-fedora-gcc 4.1 44.90 NOTE
r-devel-windows-ix86+x86_64 4.1 5.00 53.00 58.00 NOTE
r-patched-linux-x86_64 4.1 2.46 34.61 37.07 NOTE
r-patched-solaris-x86 4.1 65.50 NOTE
r-release-linux-x86_64 4.1 2.70 34.64 37.34 NOTE
r-release-macos-x86_64 4.1 NOTE
r-release-windows-ix86+x86_64 4.1 5.00 59.00 64.00 NOTE
r-oldrel-macos-x86_64 4.1 NOTE
r-oldrel-windows-ix86+x86_64 4.1 4.00 55.00 59.00 NOTE

Check Details

Version: 4.1
Check: R code for possible problems
Result: NOTE
    .NS.estimator: no visible global function definition for 'lm'
    .NS.estimator: no visible global function definition for 'coef'
    .NS.estimator: no visible global function definition for 'na.omit'
    .NS.estimator: no visible global function definition for 'resid'
    .NSS.estimator: no visible global function definition for 'lm'
    .NSS.estimator: no visible global function definition for 'coef'
    .NSS.estimator: no visible global function definition for 'na.omit'
    .NSS.estimator: no visible global function definition for 'resid'
    NSrates: no visible global function definition for 'time'
    Nelson.Siegel: no visible global function definition for 'optimize'
    Srates: no visible global function definition for 'time'
    Svensson: no visible global function definition for 'median'
    Svensson: no visible global function definition for 'optimize'
    Undefined global functions or variables:
     coef lm median na.omit optimize resid time
    Consider adding
     importFrom("stats", "coef", "lm", "median", "na.omit", "optimize",
     "resid", "time")
    to your NAMESPACE file.
Flavors: r-devel-linux-x86_64-debian-clang, r-devel-linux-x86_64-debian-gcc, r-devel-linux-x86_64-fedora-clang, r-devel-linux-x86_64-fedora-gcc, r-devel-windows-ix86+x86_64, r-patched-linux-x86_64, r-patched-solaris-x86, r-release-linux-x86_64, r-release-macos-x86_64, r-release-windows-ix86+x86_64, r-oldrel-macos-x86_64, r-oldrel-windows-ix86+x86_64

Version: 4.1
Check: Rd line widths
Result: NOTE
    Rd file 'ECBYieldCurve.Rd':
     \examples lines wider than 100 characters:
     plot(mat.ECB, ECBYieldCurve[i,], type="o", xlab="Maturities structure in years", ylab="Interest rates values")
    
    Rd file 'FedYieldCurve.Rd':
     \examples lines wider than 100 characters:
     plot(mat, FedYieldCurve[i,], type="o", xlab="Maturities structure in years", ylab="Interest rates values")
    
    These lines will be truncated in the PDF manual.
Flavors: r-devel-linux-x86_64-debian-clang, r-devel-linux-x86_64-debian-gcc, r-devel-linux-x86_64-fedora-clang, r-devel-linux-x86_64-fedora-gcc, r-patched-linux-x86_64, r-release-linux-x86_64