CRAN Package Check Results for Package arulesCBA

Last updated on 2020-09-17 02:08:06 CEST.

Flavor Version Tinstall Tcheck Ttotal Status Flags
r-devel-linux-x86_64-debian-clang 1.2.0 10.56 108.29 118.85 OK
r-devel-linux-x86_64-debian-gcc 1.2.0 8.39 81.31 89.70 OK
r-devel-linux-x86_64-fedora-clang 1.2.0 162.63 OK
r-devel-linux-x86_64-fedora-gcc 1.2.0 151.97 OK
r-devel-windows-ix86+x86_64 1.2.0 26.00 204.00 230.00 OK
r-patched-linux-x86_64 1.2.0 11.43 105.92 117.35 OK
r-patched-solaris-x86 1.2.0 194.90 NOTE
r-release-linux-x86_64 1.2.0 11.74 105.95 117.69 OK
r-release-macos-x86_64 1.2.0 OK
r-release-windows-ix86+x86_64 1.2.0 28.00 172.00 200.00 OK
r-oldrel-macos-x86_64 1.2.0 OK
r-oldrel-windows-ix86+x86_64 1.2.0 16.00 187.00 203.00 OK

Check Details

Version: 1.2.0
Check: package dependencies
Result: NOTE
    Package suggested but not available for checking: ‘RWeka’
Flavor: r-patched-solaris-x86