Last updated on 2020-09-17 02:08:06 CEST.
Flavor | Version | Tinstall | Tcheck | Ttotal | Status | Flags |
---|---|---|---|---|---|---|
r-devel-linux-x86_64-debian-clang | 0.1.3 | 3.48 | 32.03 | 35.51 | OK | |
r-devel-linux-x86_64-debian-gcc | 0.1.3 | 2.33 | 23.90 | 26.23 | OK | |
r-devel-linux-x86_64-fedora-clang | 0.1.3 | 53.76 | NOTE | |||
r-devel-linux-x86_64-fedora-gcc | 0.1.3 | 51.74 | NOTE | |||
r-devel-windows-ix86+x86_64 | 0.1.3 | 8.00 | 53.00 | 61.00 | OK | |
r-patched-linux-x86_64 | 0.1.3 | 3.37 | 30.46 | 33.83 | OK | |
r-patched-solaris-x86 | 0.1.3 | 64.40 | NOTE | |||
r-release-linux-x86_64 | 0.1.3 | 3.51 | 30.28 | 33.79 | OK | |
r-release-macos-x86_64 | 0.1.3 | NOTE | ||||
r-release-windows-ix86+x86_64 | 0.1.3 | 9.00 | 44.00 | 53.00 | OK | |
r-oldrel-macos-x86_64 | 0.1.3 | NOTE | ||||
r-oldrel-windows-ix86+x86_64 | 0.1.3 | 5.00 | 51.00 | 56.00 | OK |
Version: 0.1.3
Check: dependencies in R code
Result: NOTE
Namespace in Imports field not imported from: ‘memoise’
All declared Imports should be used.
Flavors: r-devel-linux-x86_64-fedora-clang, r-devel-linux-x86_64-fedora-gcc, r-patched-solaris-x86, r-release-macos-x86_64, r-oldrel-macos-x86_64