Last updated on 2020-09-17 02:08:06 CEST.
Flavor | Version | Tinstall | Tcheck | Ttotal | Status | Flags |
---|---|---|---|---|---|---|
r-devel-linux-x86_64-debian-clang | 1.0.1 | 12.21 | 88.15 | 100.36 | NOTE | |
r-devel-linux-x86_64-debian-gcc | 1.0.1 | 10.38 | 68.25 | 78.63 | NOTE | |
r-devel-linux-x86_64-fedora-clang | 1.0.1 | 140.32 | NOTE | |||
r-devel-linux-x86_64-fedora-gcc | 1.0.1 | 122.71 | NOTE | |||
r-devel-windows-ix86+x86_64 | 1.0.1 | 82.00 | 138.00 | 220.00 | NOTE | |
r-patched-linux-x86_64 | 1.0.1 | 11.80 | 87.19 | 98.99 | NOTE | |
r-patched-solaris-x86 | 1.0.1 | 175.30 | NOTE | |||
r-release-linux-x86_64 | 1.0.1 | 10.69 | 87.42 | 98.11 | NOTE | |
r-release-macos-x86_64 | 1.0.1 | NOTE | ||||
r-release-windows-ix86+x86_64 | 1.0.1 | 30.00 | 107.00 | 137.00 | NOTE | |
r-oldrel-macos-x86_64 | 1.0.1 | NOTE | ||||
r-oldrel-windows-ix86+x86_64 | 1.0.1 | 36.00 | 20.00 | 56.00 | ERROR |
Version: 1.0.1
Check: package dependencies
Result: NOTE
Package suggested but not available for checking: 'mzR'
Flavors: r-devel-linux-x86_64-debian-clang, r-devel-linux-x86_64-fedora-clang, r-patched-solaris-x86, r-oldrel-macos-x86_64
Version: 1.0.1
Check: dependencies in R code
Result: NOTE
Unexported objects imported by ':::' calls:
'erah:::avoid.processing' 'erah:::convertMSPspectra'
'erah:::convertMSPspectra.dot' 'erah:::getC.rq' 'erah:::getS.OSD'
'erah:::load.file' 'erah:::pre.process' 'erah:::sparse.to.vector'
See the note in ?`:::` about the use of this operator.
Flavors: r-devel-linux-x86_64-debian-clang, r-devel-linux-x86_64-debian-gcc, r-devel-linux-x86_64-fedora-clang, r-devel-linux-x86_64-fedora-gcc, r-devel-windows-ix86+x86_64, r-patched-linux-x86_64, r-patched-solaris-x86, r-release-linux-x86_64, r-release-macos-x86_64, r-release-windows-ix86+x86_64
Version: 1.0.1
Check: whether package can be installed
Result: ERROR
Installation failed.
Flavor: r-oldrel-windows-ix86+x86_64