Last updated on 2020-09-17 02:08:07 CEST.
Flavor | Version | Tinstall | Tcheck | Ttotal | Status | Flags |
---|---|---|---|---|---|---|
r-devel-linux-x86_64-debian-clang | 1.7.2 | 13.23 | 316.79 | 330.02 | OK | |
r-devel-linux-x86_64-debian-gcc | 1.7.2 | 10.98 | 227.45 | 238.43 | OK | |
r-devel-linux-x86_64-fedora-clang | 1.7.2 | 412.69 | NOTE | |||
r-devel-linux-x86_64-fedora-gcc | 1.7.2 | 411.05 | OK | |||
r-devel-windows-ix86+x86_64 | 1.7.2 | 25.00 | 373.00 | 398.00 | NOTE | |
r-patched-linux-x86_64 | 1.7.2 | 13.16 | 298.57 | 311.73 | OK | |
r-patched-solaris-x86 | 1.7.2 | 354.00 | NOTE | |||
r-release-linux-x86_64 | 1.7.2 | 12.44 | 301.11 | 313.55 | OK | |
r-release-macos-x86_64 | 1.7.2 | NOTE | ||||
r-release-windows-ix86+x86_64 | 1.7.2 | 27.00 | 370.00 | 397.00 | NOTE | |
r-oldrel-macos-x86_64 | 1.7.2 | NOTE | ||||
r-oldrel-windows-ix86+x86_64 | 1.7.2 | 35.00 | 369.00 | 404.00 | NOTE |
Version: 1.7.2
Check: installed package size
Result: NOTE
installed size is 5.9Mb
sub-directories of 1Mb or more:
R 1.8Mb
doc 3.5Mb
Flavors: r-devel-linux-x86_64-fedora-clang, r-devel-windows-ix86+x86_64, r-patched-solaris-x86, r-release-macos-x86_64, r-release-windows-ix86+x86_64, r-oldrel-macos-x86_64, r-oldrel-windows-ix86+x86_64