CRAN Package Check Results for Package bbsBayes

Last updated on 2020-09-17 02:08:07 CEST.

Flavor Version Tinstall Tcheck Ttotal Status Flags
r-devel-linux-x86_64-debian-clang 2.3.3.2020 12.62 120.17 132.79 OK
r-devel-linux-x86_64-debian-gcc 2.3.3.2020 9.52 89.07 98.59 OK
r-devel-linux-x86_64-fedora-clang 2.3.3.2020 170.06 NOTE
r-devel-linux-x86_64-fedora-gcc 2.3.3.2020 165.08 NOTE
r-devel-windows-ix86+x86_64 2.3.3.2020 28.00 152.00 180.00 OK
r-patched-linux-x86_64 2.3.3.2020 9.86 114.89 124.75 OK
r-patched-solaris-x86 2.3.3.2020 283.80 NOTE
r-release-linux-x86_64 2.3.3.2020 11.67 115.26 126.93 OK
r-release-macos-x86_64 2.3.3.2020 NOTE
r-release-windows-ix86+x86_64 2.3.3.2020 27.00 116.00 143.00 OK
r-oldrel-macos-x86_64 2.3.3.2020 NOTE
r-oldrel-windows-ix86+x86_64 2.3.3.2020 22.00 137.00 159.00 OK

Check Details

Version: 2.3.3.2020
Check: dependencies in R code
Result: NOTE
    Namespaces in Imports field not imported from:
     ‘latticeExtra’ ‘rgdal’
     All declared Imports should be used.
Flavors: r-devel-linux-x86_64-fedora-clang, r-devel-linux-x86_64-fedora-gcc, r-patched-solaris-x86, r-release-macos-x86_64, r-oldrel-macos-x86_64