CRAN Package Check Results for Package bcdata

Last updated on 2020-09-17 02:08:07 CEST.

Flavor Version Tinstall Tcheck Ttotal Status Flags
r-devel-linux-x86_64-debian-clang 0.2.0 10.10 75.19 85.29 OK
r-devel-linux-x86_64-debian-gcc 0.2.0 7.13 56.66 63.79 OK
r-devel-linux-x86_64-fedora-clang 0.2.0 110.73 NOTE
r-devel-linux-x86_64-fedora-gcc 0.2.0 100.78 OK
r-devel-windows-ix86+x86_64 0.2.0 22.00 106.00 128.00 OK
r-patched-linux-x86_64 0.2.0 8.30 71.53 79.83 OK
r-patched-solaris-x86 0.2.0 149.20 OK
r-release-linux-x86_64 0.2.0 8.35 72.38 80.73 OK
r-release-macos-x86_64 0.2.0 OK
r-release-windows-ix86+x86_64 0.2.0 20.00 107.00 127.00 OK
r-oldrel-macos-x86_64 0.2.0 OK
r-oldrel-windows-ix86+x86_64 0.2.0 17.00 97.00 114.00 OK

Check Details

Version: 0.2.0
Check: Rd cross-references
Result: NOTE
    Undeclared package ‘magrittr’ in Rd xrefs
Flavor: r-devel-linux-x86_64-fedora-clang