Last updated on 2020-09-17 02:08:07 CEST.
Flavor | Version | Tinstall | Tcheck | Ttotal | Status | Flags |
---|---|---|---|---|---|---|
r-devel-linux-x86_64-debian-clang | 2.0.0 | 27.16 | 57.58 | 84.74 | OK | |
r-devel-linux-x86_64-debian-gcc | 2.0.0 | 23.23 | 45.82 | 69.05 | OK | |
r-devel-linux-x86_64-fedora-clang | 2.0.0 | 115.69 | OK | |||
r-devel-linux-x86_64-fedora-gcc | 2.0.0 | 110.63 | OK | |||
r-devel-windows-ix86+x86_64 | 2.0.0 | 44.00 | 89.00 | 133.00 | OK | |
r-patched-linux-x86_64 | 2.0.0 | 25.49 | 57.71 | 83.20 | OK | |
r-patched-solaris-x86 | 2.0.0 | 144.90 | WARN | |||
r-release-linux-x86_64 | 2.0.0 | 26.18 | 58.59 | 84.77 | OK | |
r-release-macos-x86_64 | 2.0.0 | OK | ||||
r-release-windows-ix86+x86_64 | 2.0.0 | 44.00 | 83.00 | 127.00 | OK | |
r-oldrel-macos-x86_64 | 2.0.0 | OK | ||||
r-oldrel-windows-ix86+x86_64 | 2.0.0 | 26.00 | 79.00 | 105.00 | OK |
Version: 2.0.0
Check: for unstated dependencies in ‘tests’
Result: WARN
Warning in deparse(e[[2L]]) :
it is not known that wchar_t is Unicode on this platform
Warning in deparse(e[[2L]]) :
it is not known that wchar_t is Unicode on this platform
Warning in deparse(e[[2L]]) :
it is not known that wchar_t is Unicode on this platform
Warning in deparse(e[[2L]]) :
it is not known that wchar_t is Unicode on this platform
Flavor: r-patched-solaris-x86