Last updated on 2020-09-17 02:08:07 CEST.
Flavor | Version | Tinstall | Tcheck | Ttotal | Status | Flags |
---|---|---|---|---|---|---|
r-devel-linux-x86_64-debian-clang | 0.1.1 | 5.26 | 40.10 | 45.36 | OK | |
r-devel-linux-x86_64-debian-gcc | 0.1.1 | 4.49 | 30.25 | 34.74 | OK | |
r-devel-linux-x86_64-fedora-clang | 0.1.1 | 64.72 | OK | |||
r-devel-linux-x86_64-fedora-gcc | 0.1.1 | 53.49 | OK | |||
r-devel-windows-ix86+x86_64 | 0.1.1 | 13.00 | 56.00 | 69.00 | OK | |
r-patched-linux-x86_64 | 0.1.1 | 5.19 | 38.16 | 43.35 | OK | |
r-patched-solaris-x86 | 0.1.1 | 84.60 | NOTE | |||
r-release-linux-x86_64 | 0.1.1 | 5.86 | 38.56 | 44.42 | OK | |
r-release-macos-x86_64 | 0.1.1 | OK | ||||
r-release-windows-ix86+x86_64 | 0.1.1 | 12.00 | 60.00 | 72.00 | OK | |
r-oldrel-macos-x86_64 | 0.1.1 | OK | ||||
r-oldrel-windows-ix86+x86_64 | 0.1.1 | 17.00 | 54.00 | 71.00 | OK |
Version: 0.1.1
Check: package dependencies
Result: NOTE
Package suggested but not available for checking: ‘gifski’
Flavor: r-patched-solaris-x86