Last updated on 2020-09-17 02:08:07 CEST.
Flavor | Version | Tinstall | Tcheck | Ttotal | Status | Flags |
---|---|---|---|---|---|---|
r-devel-linux-x86_64-debian-clang | 0.2.4 | 141.75 | 51.13 | 192.88 | OK | |
r-devel-linux-x86_64-debian-gcc | 0.2.4 | 105.55 | 39.10 | 144.65 | OK | |
r-devel-linux-x86_64-fedora-clang | 0.2.4 | 281.44 | NOTE | |||
r-devel-linux-x86_64-fedora-gcc | 0.2.4 | 248.35 | NOTE | |||
r-devel-windows-ix86+x86_64 | 0.2.4 | 271.00 | 120.00 | 391.00 | NOTE | |
r-patched-linux-x86_64 | 0.2.4 | 116.18 | 50.60 | 166.78 | OK | |
r-patched-solaris-x86 | 0.2.4 | 258.30 | NOTE | |||
r-release-linux-x86_64 | 0.2.4 | 114.82 | 50.74 | 165.56 | OK | |
r-release-macos-x86_64 | 0.2.4 | NOTE | ||||
r-release-windows-ix86+x86_64 | 0.2.4 | 275.00 | 115.00 | 390.00 | NOTE | |
r-oldrel-macos-x86_64 | 0.2.4 | NOTE | ||||
r-oldrel-windows-ix86+x86_64 | 0.2.4 | 183.00 | 163.00 | 346.00 | NOTE |
Version: 0.2.4
Check: installed package size
Result: NOTE
installed size is 6.9Mb
sub-directories of 1Mb or more:
libs 5.4Mb
Flavors: r-devel-linux-x86_64-fedora-clang, r-devel-windows-ix86+x86_64, r-patched-solaris-x86, r-release-macos-x86_64, r-release-windows-ix86+x86_64, r-oldrel-macos-x86_64, r-oldrel-windows-ix86+x86_64
Version: 0.2.4
Check: for GNU extensions in Makefiles
Result: NOTE
GNU make is a SystemRequirements.
Flavors: r-devel-linux-x86_64-fedora-clang, r-devel-linux-x86_64-fedora-gcc, r-release-macos-x86_64, r-oldrel-macos-x86_64