Last updated on 2020-09-17 02:08:07 CEST.
Flavor | Version | Tinstall | Tcheck | Ttotal | Status | Flags |
---|---|---|---|---|---|---|
r-devel-linux-x86_64-debian-clang | 0.1.0 | 2.04 | 18.14 | 20.18 | OK | |
r-devel-linux-x86_64-debian-gcc | 0.1.0 | 1.64 | 14.36 | 16.00 | OK | |
r-devel-linux-x86_64-fedora-clang | 0.1.0 | 33.73 | NOTE | |||
r-devel-linux-x86_64-fedora-gcc | 0.1.0 | 23.85 | NOTE | |||
r-devel-windows-ix86+x86_64 | 0.1.0 | 10.00 | 28.00 | 38.00 | OK | |
r-patched-linux-x86_64 | 0.1.0 | 1.93 | 17.88 | 19.81 | OK | |
r-patched-solaris-x86 | 0.1.0 | 40.00 | NOTE | |||
r-release-linux-x86_64 | 0.1.0 | 1.55 | 18.06 | 19.61 | OK | |
r-release-macos-x86_64 | 0.1.0 | NOTE | ||||
r-release-windows-ix86+x86_64 | 0.1.0 | 6.00 | 40.00 | 46.00 | OK | |
r-oldrel-macos-x86_64 | 0.1.0 | NOTE | ||||
r-oldrel-windows-ix86+x86_64 | 0.1.0 | 14.00 | 46.00 | 60.00 | OK |
Version: 0.1.0
Check: dependencies in R code
Result: NOTE
Namespaces in Imports field not imported from:
‘corrgram’ ‘rpivotTable’ ‘shinyAce’
All declared Imports should be used.
Flavors: r-devel-linux-x86_64-fedora-clang, r-devel-linux-x86_64-fedora-gcc, r-patched-solaris-x86, r-release-macos-x86_64, r-oldrel-macos-x86_64