Last updated on 2020-09-17 02:08:07 CEST.
Flavor | Version | Tinstall | Tcheck | Ttotal | Status | Flags |
---|---|---|---|---|---|---|
r-devel-linux-x86_64-debian-clang | 0.20.19 | 47.66 | 56.67 | 104.33 | OK | |
r-devel-linux-x86_64-debian-gcc | 0.20.19 | 33.15 | 43.51 | 76.66 | OK | |
r-devel-linux-x86_64-fedora-clang | 0.20.19 | 145.28 | NOTE | |||
r-devel-linux-x86_64-fedora-gcc | 0.20.19 | 125.71 | OK | |||
r-devel-windows-ix86+x86_64 | 0.20.19 | 106.00 | 127.00 | 233.00 | OK | |
r-patched-linux-x86_64 | 0.20.19 | 38.46 | 56.01 | 94.47 | OK | |
r-patched-solaris-x86 | 0.20.19 | 144.10 | OK | |||
r-release-linux-x86_64 | 0.20.19 | 36.38 | 55.92 | 92.30 | OK | |
r-release-macos-x86_64 | 0.20.19 | OK | ||||
r-release-windows-ix86+x86_64 | 0.20.19 | 104.00 | 120.00 | 224.00 | OK | |
r-oldrel-macos-x86_64 | 0.20.19 | OK | ||||
r-oldrel-windows-ix86+x86_64 | 0.20.19 | 70.00 | 117.00 | 187.00 | OK |
Version: 0.20.19
Check: Rd cross-references
Result: NOTE
Undeclared package ‘RColorBrewer’ in Rd xrefs
Flavor: r-devel-linux-x86_64-fedora-clang