CRAN Package Check Results for Package blavaan

Last updated on 2020-09-17 02:08:07 CEST.

Flavor Version Tinstall Tcheck Ttotal Status Flags
r-devel-linux-x86_64-debian-clang 0.3-10 315.81 216.68 532.49 NOTE
r-devel-linux-x86_64-debian-gcc 0.3-10 207.97 163.07 371.04 NOTE
r-devel-linux-x86_64-fedora-clang 0.3-10 681.44 NOTE
r-devel-linux-x86_64-fedora-gcc 0.3-10 617.70 NOTE
r-devel-windows-ix86+x86_64 0.3-10 495.00 406.00 901.00 NOTE
r-patched-linux-x86_64 0.3-10 0.01 3.00 3.01 ERROR
r-patched-solaris-x86 0.3-10 651.50 NOTE
r-release-linux-x86_64 0.3-10 213.75 215.30 429.05 NOTE
r-release-macos-x86_64 0.3-10 NOTE
r-release-windows-ix86+x86_64 0.3-10 484.00 313.00 797.00 NOTE
r-oldrel-macos-x86_64 0.3-10 NOTE
r-oldrel-windows-ix86+x86_64 0.3-10 441.00 356.00 797.00 NOTE

Check Details

Version: 0.3-10
Check: for GNU extensions in Makefiles
Result: NOTE
    GNU make is a SystemRequirements.
Flavors: r-devel-linux-x86_64-debian-clang, r-devel-linux-x86_64-debian-gcc, r-devel-linux-x86_64-fedora-clang, r-devel-linux-x86_64-fedora-gcc, r-devel-windows-ix86+x86_64, r-patched-solaris-x86, r-release-linux-x86_64, r-release-macos-x86_64, r-release-windows-ix86+x86_64, r-oldrel-macos-x86_64, r-oldrel-windows-ix86+x86_64

Version: 0.3-10
Check: installed package size
Result: NOTE
     installed size is 62.0Mb
     sub-directories of 1Mb or more:
     libs 60.0Mb
Flavors: r-devel-linux-x86_64-fedora-clang, r-devel-windows-ix86+x86_64, r-release-macos-x86_64, r-release-windows-ix86+x86_64, r-oldrel-macos-x86_64, r-oldrel-windows-ix86+x86_64

Version: 0.3-10
Check: whether package can be installed
Result: ERROR
    Installation failed.
Flavor: r-patched-linux-x86_64