Last updated on 2020-09-17 02:08:07 CEST.
Flavor | Version | Tinstall | Tcheck | Ttotal | Status | Flags |
---|---|---|---|---|---|---|
r-devel-linux-x86_64-debian-clang | 1.0.1 | 56.26 | 174.82 | 231.08 | OK | |
r-devel-linux-x86_64-debian-gcc | 1.0.1 | 44.69 | 134.22 | 178.91 | OK | |
r-devel-linux-x86_64-fedora-clang | 1.0.1 | 302.68 | NOTE | |||
r-devel-linux-x86_64-fedora-gcc | 1.0.1 | 295.51 | NOTE | |||
r-devel-windows-ix86+x86_64 | 1.0.1 | 122.00 | 226.00 | 348.00 | WARN | |
r-patched-linux-x86_64 | 1.0.1 | 47.45 | 177.46 | 224.91 | OK | |
r-patched-solaris-x86 | 1.0.1 | 441.20 | NOTE | |||
r-release-linux-x86_64 | 1.0.1 | 45.68 | 183.48 | 229.16 | OK | |
r-release-macos-x86_64 | 1.0.1 | NOTE | ||||
r-release-windows-ix86+x86_64 | 1.0.1 | 120.00 | 291.00 | 411.00 | NOTE | |
r-oldrel-macos-x86_64 | 1.0.1 | NOTE | ||||
r-oldrel-windows-ix86+x86_64 | 1.0.1 | 103.00 | 273.00 | 376.00 | NOTE |
Version: 1.0.1
Check: installed package size
Result: NOTE
installed size is 8.2Mb
sub-directories of 1Mb or more:
data 3.5Mb
libs 3.9Mb
Flavors: r-devel-linux-x86_64-fedora-clang, r-devel-windows-ix86+x86_64, r-release-macos-x86_64, r-release-windows-ix86+x86_64, r-oldrel-macos-x86_64, r-oldrel-windows-ix86+x86_64
Version: 1.0.1
Check: dependencies in R code
Result: NOTE
Namespaces in Imports field not imported from:
‘RColorBrewer’ ‘ggplot2’
All declared Imports should be used.
Flavors: r-devel-linux-x86_64-fedora-clang, r-devel-linux-x86_64-fedora-gcc, r-patched-solaris-x86, r-release-macos-x86_64, r-oldrel-macos-x86_64
Version: 1.0.1
Check: re-building of vignette outputs
Result: WARN
Error(s) in re-building vignettes:
--- re-building 'BlissIntro.Rmd' using rmarkdown
Quitting from lines 70-80 (BlissIntro.Rmd)
Error: processing vignette 'BlissIntro.Rmd' failed with diagnostics:
Mat::operator(): index out of bounds
--- failed re-building 'BlissIntro.Rmd'
SUMMARY: processing the following file failed:
'BlissIntro.Rmd'
Error: Vignette re-building failed.
Execution halted
Flavor: r-devel-windows-ix86+x86_64